rst derivative of -3*n**2/2 - 3*n - 154. Determine w(6).
-21
Let h(t) = -t**2 - 3*t + 2. Let c(x) = 3*x + 4. Let j be c(-3). What is h(j)?
-8
Let m be (-6)/10 + 6/(-15). Let l be (m - -1) + 1 + 5. Let r(z) be the third derivative of z**5/60 - 5*z**4/24 - z**3/2 - 2*z**2. Determine r(l).
3
Let y = 2 + -3. Let t be (19 - 21)*y/(-2). Let z(i) = -7*i**3 - 2*i**2 + 1. Calculate z(t).
6
Let y(t) be the third derivative of -t**4/24 + 5*t**3/6 + 5*t**2 - 8*t. Calculate y(12).
-7
Let a(x) = 9*x**3 + x**2 - 6*x + 11. Let j(z) = 11*z**3 + z**2 - 7*z + 12. Let g(o) = 6*a(o) - 5*j(o). Suppose -y - 4 = -5*t, 5*y = 3*y - 8. Determine g(t).
6
Let z be -2 - -2 - (-1 - -4). Let a(o) = -3*o**2 + 3*o - 7. Let y(p) = 8*p**2 - 5*p + 19. Let j(i) = -5*a(i) - 2*y(i). Give j(z).
3
Let y(t) = -300 + 146 - 2*t + 141. Determine y(-6).
-1
Let u(w) = w**2. Let n be (8/(-60)*-5)/(24/36). Determine u(n).
1
Let d(v) be the second derivative of v**5/20 + v**4/4 + v**3/6 - 903*v. Give d(-4).
-20
Let w = 2 + 1. Suppose -2 = 5*i + w. Let h(f) be the first derivative of -7*f**3/3 + f - 21. What is h(i)?
-6
Let r(x) = 21*x + 23. Let w(q) = -13*q - 16. Let o(h) = 5*r(h) + 8*w(h). Calculate o(14).
1
Let w(p) be the third derivative of p**5/60 - p**4/6 + p**2. Let d(k) = 11*k - 106. Let v be d(10). Give w(v).
0
Let v(m) = m**3 - 4*m**2 + 3*m + 3. Suppose -2*g = 3*g + 30. Let k = g - -9. Suppose 5*b + 0*w = w + 17, k*b - 17 = 4*w. Calculate v(b).
3
Let u(r) = 237 + r**3 + r**3 + 5*r - 115 + 2*r**2 - 118. Determine u(-2).
-14
Suppose 0 = -j - 4*b + 17, -4*b + 3 + 12 = -j. Let v(u) = u. Let s(n) = -3*n**2 + 8*n - 1. Let k(g) = s(g) - 6*v(g). Calculate k(j).
-2
Suppose x - 219 = 241. Let n be (-1)/(((-3)/14)/((-9)/(-6))). Let a be x/(-140) - (-2)/n. Let g(k) = -6*k - 4. Calculate g(a).
14
Let a be (6/4)/((-2)/(-8)). Let j(v) = v**2 + 14*v + 16. Let m be j(-13). Suppose 0 = -m*h - a - 6. Let o(f) = 2*f**2 + 4*f - 5. Give o(h).
11
Let q(x) = -16*x**2 + 2*x + 1. Suppose 10*w - 2*w = 24. Suppose 7 = -4*y - w*c, -4*y = 4*c - 1 + 9. Calculate q(y).
-17
Let y(z) be the second derivative of -z**3/2 + z**2 - 61*z. Determine y(2).
-4
Let j(s) be the second derivative of 24*s - 1/2*s**2 - 5/6*s**3 + 0. What is j(1)?
-6
Let x(n) = -n**2 + 2*n + 2. Let g(u) = 5*u**2 - 2*u + 1 - 3*u - 6*u - 12. Let r(h) = -2*g(h) - 11*x(h). What is r(-1)?
1
Let p = 11 + -17. Let w be (-48)/22 - p/33. Let b be (w + (-24)/(-21))*-7. Let u(q) = -q**2 + 8*q - 6. Determine u(b).
6
Let p be (-12)/(-114) + (-1008)/(-171). Let x(q) = 3*q - 5. Give x(p).
13
Let k(u) = -u**3 + u**2 + u + 9. Let w be -2*4/8 + (0 - -4). Suppose -w*f = -2*x - 2, 0 = f - 2*f + 5*x + 5. Determine k(f).
9
Let i(o) = -5*o - o - o + 2*o. Suppose 4 + 11 = -5*d. Let q(n) = -4*n. Let r(k) = d*i(k) + 2*q(k). What is r(1)?
7
Let j(p) = p**2 - p - 5. Let t(d) = d**2 - 11*d - 20. Let b be t(-2). Determine j(b).
25
Let o(r) = 2*r**3 + r - 1. Let q(u) = 5*u**3 + 3*u**2 + 5*u + 1. Let y(g) = -3*o(g) + q(g). Determine y(4).
-4
Let y(x) = 35*x + 142. Let m(o) = 8*o + 35. Let u(s) = -9*m(s) + 2*y(s). What is u(-18)?
5
Let u(w) = -4*w**3 - w**2 + w + 2. Suppose -s = 2*a - 3, 5*s - 7*s - a = 0. Determine u(s).
4
Let q(n) = 61*n - 7. Let x(w) = -173*w + 21. Let h(k) = -17*q(k) - 6*x(k). Let o = 3 - -3. Calculate h(o).
-1
Let v(w) be the first derivative of -w**3/6 - 4*w**2 + 2*w - 13. Let q(p) be the first derivative of v(p). Let m(j) = -2*j + 5. Let s be m(6). Determine q(s).
-1
Let g(u) = -u**2 - u + 1. Let k(r) = -r**2 - 3*r - 2. Let m(h) = -g(h) - k(h). Give m(-2).
1
Let c(p) = -13*p**3 - 23*p**2 - 15*p - 38. Let m(v) = -7*v**3 - 11*v**2 - 7*v - 22. Let x(l) = -6*c(l) + 11*m(l). Determine x(-16).
34
Suppose 3*l + 5 = 38. Let x(g) = -9*g + l*g + 5*g. Give x(-1).
-7
Let a(c) = -c + 11. Suppose 5*k - k - b + 9 = 0, 0 = -3*k + 5*b - 11. Let l be (-7 - 2)/(k + 1). Suppose -4 + l = z. Calculate a(z).
6
Let c(n) = n**2 + 5*n - 3. Let w(r) = -12*r + 91. Let x be w(8). Determine c(x).
-3
Let f(y) be the second derivative of y**3/6 - 9*y**2/2 + 12*y - 4. What is f(6)?
-3
Let q(c) = -7*c**3 + 11*c**2 + 11*c - 11. Let z(p) = 5*p**3 - 7*p**2 - 7*p + 7. Let o(s) = -5*q(s) - 8*z(s). Let t be o(1). Let m(b) = -2*b - 2. Determine m(t).
6
Suppose -7*c + 3*c = 0. Let o be (4/12*c)/3. Let d(x) be the first derivative of x**4/4 - x**2/2 + x + 2. Give d(o).
1
Let y = 9 + -2. Let g = y + -12. Let v(q) = -q**2 - q + 5. What is v(g)?
-15
Let d(o) = 15 + 63*o**2 + 28*o - 32*o - 64*o**2. Determine d(-7).
-6
Let c be 16/(-104) - (-41)/13 - 1. Let x(t) = -3*t**c - 1 + 14*t**3 + t**2 - 15*t**3. Give x(-3).
8
Let s = 954 - 970. Let d(k) = k**2 + 19*k + 48. Calculate d(s).
0
Let d(i) = -4*i**2. Suppose 4*l + 140 - 100 = 0. Let n be -1*(-1)/3*30/l. Give d(n).
-4
Let o(b) = 32*b + 2 - 35*b + 4*b. What is o(2)?
4
Let k = -20 + 11. Let x(l) = -l + 6. Let v(z) = 4*z - 24. Let o(b) = k*x(b) - 2*v(b). Let j be (-2)/(-4) + (-4)/8. Give o(j).
-6
Let s be (-5 - -11)/(-6)*1*-4. Let d(g) = -2*g**2 + 5*g + 2. What is d(s)?
-10
Let u(h) be the first derivative of -h**5/120 - h**4/24 + 4*h**3/3 - 9. Let c(d) be the third derivative of u(d). Determine c(-8).
7
Let x(i) = -i**2 - 4*i - 5. Let h = -17 + 12. What is x(h)?
-10
Let l = 14 - 5. Suppose -z = l - 13. Let u be (z/14)/(3/21). Let g(f) = f - 1. Give g(u).
1
Suppose 670*h - 658*h = 72. Let d(c) = -c**3 + 4*c**2 + 5*c + 12. Determine d(h).
-30
Let j(p) = p**2 - p + 1. Let y = 48 - 45. Suppose 15 = -2*r - 3*u, -r + y*r = 2*u + 10. What is j(r)?
1
Suppose -6*u - h = -3*u - 8, 20 = 5*u + 3*h. Let v be -4 + -1 - (0 + u). Let d(z) = 7*z**2 + 0 - z**3 - 2 + z**3 + z**3 + 6*z. Give d(v).
-2
Let o(l) be the third derivative of -l**4/8 + 5*l**3/6 + 10*l**2 - 4*l. Give o(8).
-19
Let m(i) be the second derivative of 15*i - 1/2*i**2 + 0 - 2/3*i**3. What is m(-1)?
3
Let u be ((-2 - -3) + (-24)/18)*18. Let p(g) = g**3 + 7*g**2 + 5*g + 5. Give p(u).
11
Let i(d) = d - 1. Let u(r) be the second derivative of r**3 - 4*r**2 + r. Let h(w) = 8*i(w) - u(w). Suppose l - 25 + 21 = -3*v, -3*v - 1 = 2*l. Give h(v).
6
Suppose -3*l + 13 - 4 = 0. Suppose l*a + 5*i = 161, 4*i - 109 = -5*a + 142. Let h(w) = -4*w**2 + a - 45 + 2*w + 0*w + w**3. Calculate h(2).
-2
Suppose -1 = u - 3*h, -5*h - 2 = -5*u + 3. Let b(x) = 0*x**2 - x**2 + 0*x**2 + 0*x**2. Calculate b(u).
-4
Let d(h) be the second derivative of -h**5/20 - h**4/3 + h**3/3 + 2*h**2 + 22*h - 5. Give d(-4).
-4
Let f = -724 + 731. Let n(m) = -m**3 + 7*m**2 - 3*m + 8. Determine n(f).
-13
Let s(n) = -n**3 + 15*n**2 - 10*n - 19. Let v be s(15). Let b be (-143)/v - 2/(-13). Let m(a) = -8*a**3 - a**2 + 2*a - 1. Determine m(b).
-8
Let q be -3 - (2 + -4)/(-1). Let n(r) = -r**2 - 8*r - 9. Determine n(q).
6
Let m be (-3*(-2)/(-6))/(1/2). Let j(u) be the first derivative of u**4/2 - 3*u**2/2 - u - 6. Give j(m).
-11
Let l(n) = -3*n**2 + 1 + 16*n + 12*n - 31*n. Calculate l(2).
-17
Let v(o) be the second derivative of 7*o**5/20 + o**4/12 - o**3/3 - o**2/2 + 71*o - 3. Give v(-2).
-49
Suppose 0 = 4*i - 4*n + 6*n - 18, -2*i = 5*n - 29. Let b(s) = -80*s - 2 - s**i + 82*s + 10. What is b(6)?
-16
Let x(b) = 13*b - 8. Let d(c) = 14*c - 9. Let s(o) = 6*d(o) - 7*x(o). What is s(-3)?
23
Let m(l) = 3*l + 0*l + 5*l + 12 - l**2 - 15. What is m(7)?
4
Let f(p) = 4*p**2 - 5*p + 3. Let q(z) = 3*z**2 - 5*z + 4. Let u(a) = 2*f(a) - 3*q(a). Suppose 5*s + k - 28 = 0, -279*s = -276*s + 4*k - 27. Determine u(s).
-6
Let b(m) be the second derivative of 5*m - 7/24*m**4 + 3/2*m**3 + 0 + 0*m**2 - 1/360*m**6 + 3/40*m**5. Let c(h) be the second derivative of b(h). Give c(7).
7
Let z be (-2802)/27 + 8/(-36). Let g be z/8 - 1*-1. Let f = 6 + g. Let d(v) = 2*v + 3. Give d(f).
-9
Let t(q) = q**2 - 4*q + 6. Let s(u) = u**3 + 4*u**2 - 9*u + 23. Let r be s(-6). Determine t(r).
11
Let s(l) = 6*l**3 - l**2 + 1. Let r(a) = a**2 - 8*a + 3. Let y be r(5). Let h = 13 + y. Let p be s(h). Let k(w) = w**3 - 5*w**2 - 5*w - 4. What is k(p)?
2
Let p(a) = 2*a + 4. Let w(n) = 2*n**3 + 36*n**2 - 40*n - 30. Let k be w(-19). Determine p(k).
20
Let b(w) be the third derivative of w**6/120 + w**5/30 + w**3/3 - w**2 - 25. What is b(-2)?
2
Let i(v) = v - v - 7051*v**3 - 3 + 7052*v**3 - 5*v**2. Give i(6).
33
Suppose -5*a - 110 = 320. Let k = a + 88. Let p(y) = 2*y**3 - 3*y**2. Determine p(k).
4
Let g